ime number?
False
Suppose -2*z - 487 + 137 = 4*b, 827 = -5*z + 2*b. Let t = z + 250. Is t a prime number?
True
Let x(q) = -q + 11. Let u be x(8). Suppose u*p + p = 424. Is p a prime number?
False
Let g(b) = -b**2 - 20*b - 10. Let c be (-4)/6 + 25/(-3). Is g(c) a prime number?
True
Suppose 3*r - 39 = 6*r. Is -1 + (r - 1)/(-2) a composite number?
True
Suppose -5*c + 3*b = 32, c = -3*b + 8 - 0. Let v = c + 4. Is 2 - 3 - (-16 - v) prime?
False
Let z(d) = -d**3 - 4*d**2. Let t be z(-3). Is 58 + (-1)/((-3)/t) prime?
False
Is (-2)/(-12) + (-35182)/(-84) a composite number?
False
Let s = 36 - 26. Suppose 4 + 61 = 5*y. Suppose s = 5*b, 4*b - 64 = -m + y. Is m a composite number?
True
Let v(o) = 6*o**2 + 13*o - 16. Is v(9) prime?
True
Let m(f) = 10 - 33*f + 7*f - 1. Let z(o) = o - 7. Let g be z(0). Is m(g) a composite number?
False
Suppose 2*g = -g + 6. Let a(r) = 6*r**3 - r**2 - 2*r. Let b(x) = -6*x**3 + 2*x**2 + 3*x. Let o(i) = 4*a(i) + 3*b(i). Is o(g) a prime number?
False
Let g(v) = v - 3. Let y be g(5). Suppose 0 = y*a + 124 - 506. Is a a prime number?
True
Is -2 - -4 - (0 + -125) composite?
False
Suppose -5*c = 3*d - 9 + 3, -6 = -3*d - c. Let l be d/((-2)/(-1))*0. Suppose 0*u - 4*u + 156 = l. Is u composite?
True
Suppose 0*o - 3332 = -4*o - 4*a, a = -4*o + 3347. Is o prime?
False
Let w be ((-6)/(-3) - 5) + -58. Let t = w + 98. Is t a composite number?
False
Is (-4)/14 - 1350/(-70) composite?
False
Let t(w) = -3*w**3 + 8*w**2 - 11*w - 13. Let l(s) = -2*s**3 + 8*s**2 - 12*s - 13. Let u(j) = -4*l(j) + 3*t(j). Is u(-11) composite?
False
Let s(h) = 149*h + 41. Is s(10) composite?
False
Is (4 + (-22)/6)*63 a composite number?
True
Let v be 3/2*(8 - -6). Let y be 1 + 7 + -1 + -1. Let m = v - y. Is m a prime number?
False
Suppose b + 0*b = -3. Let x be 29/(-2) - b/(-6). Let s = x - -25. Is s composite?
True
Let f be (922/(-8))/((-7)/28). Let a = f + -252. Is a prime?
False
Is (-5)/(-5)*(-134)/(-2) composite?
False
Let u = -5 + 7. Suppose -u*d = -c - 4*d - 2, 3*c - 3 = -3*d. Suppose -c*v + 3*v + 67 = 0. Is v composite?
False
Let x(k) = 20*k - 17. Let b be x(14). Suppose l - q - q = b, 0 = 3*l - q - 779. Is l a composite number?
True
Let o(m) = -m**3 + 5*m**2 - m + 1. Is o(4) prime?
True
Suppose 3*w = 3*m + 18, -3*w + m - 12 = -5*w. Let y(n) be the first derivative of -n**4/4 + 7*n**3/3 + n + 1. Is y(w) a prime number?
True
Let c(u) = -u**2 + 4*u + 1. Let p be c(5). Is p/(-22) + 6496/88 composite?
True
Suppose 0 = -4*o - 126 - 30. Let w = o + 98. Is w a composite number?
False
Let z = 5 + -2. Suppose -4*s = -2*t + 22, -t = -z*s - 0*s - 17. Is (-4 + 7)*(-106)/s a composite number?
False
Suppose 5*i - 3825 = -0*i. Let h = i + -434. Is h a prime number?
True
Suppose 3*j = -0*j - 6. Is -1 + 30/(-4)*j a composite number?
True
Suppose k + 30 = 6*k. Let b(u) = u**2 - 7*u + 7. Let r be b(k). Is (r*-2)/(4/(-68)) composite?
True
Let i be (2 - 1)*1 - -871. Suppose i = 6*q + 86. Is q prime?
True
Suppose -4*h + 3656 = -0*h. Is h a prime number?
False
Suppose -8 = -3*a - 2. Suppose 2*g = -5*s + 141, -4*s - a*g + 117 = g. Let x = s + 22. Is x composite?
True
Let v(u) be the third derivative of -u**5/60 + u**4/6 + 7*u**3/6 + u**2. Let g be v(5). Is g/(-8) + 2391/12 a prime number?
True
Let u(p) = 2*p**2. Let c = 2 - 1. Let n be u(c). Is -2*1*(-23)/n composite?
False
Let p(j) = -1152*j**3 - 2*j**2 + 1. Is p(-1) composite?
False
Let h = 18 - -13. Suppose -2*n + h = -n. Is n composite?
False
Suppose 4*w - 7*w = -126. Let c(i) = 2*i - i - 3 - w*i. Is c(-2) composite?
False
Suppose -3*g + 89 = 3*m + 2*g, 0 = 2*g + 10. Is m a composite number?
True
Suppose 3*b - 8626 = -8*h + 3*h, 0 = 4*h + 2*b - 6902. Is h a prime number?
False
Suppose -d = 5*x - 2830, -3*x - 3*d = 2*x - 2820. Suppose -232 = -a - m - 38, -2*m - x = -3*a. Is a prime?
True
Let h = -4 - -7. Suppose h*l - 2305 = -868. Is l prime?
True
Let j be 3*2/6 + 1. Suppose 2*p - 48 = -j*x, 3*p - 41 = -x - 11. Is x prime?
False
Let m be 1 - (2*-1 + 1). Suppose 2*i = -2*p + 5*i - 21, m*p = -3*i - 27. Let a = 25 - p. Is a composite?
False
Is (-2)/(-7) - 3372/(-7) a prime number?
False
Suppose -4*f = 2*q - 45 - 73, -3*f - 222 = -3*q. Is q a prime number?
False
Is (16730/21)/1 - 2/(-6) prime?
True
Suppose -3*j = 5*b - 976, -j + 0*b = b - 322. Is j a composite number?
False
Let x = 53 + -10. Suppose 5*t - x = 32. Is (-3064)/(-10) - t/(-25) a prime number?
True
Suppose 2*i = -159 + 485. Is i a prime number?
True
Let p(y) be the second derivative of -7*y**3/2 + y. Let k = 4 + -5. Is p(k) prime?
False
Let x = 237 - 95. Suppose x + 208 = 5*u. Suppose t - u = -4*t. Is t a prime number?
False
Suppose 0*l - 1471 = -5*j - 4*l, -2*j + 5*l + 562 = 0. Is j prime?
False
Let t = -53 + 442. Is t a composite number?
False
Is -2 + (-2 - 1) + 42 a composite number?
False
Is (1044/(-8))/3*-2 a prime number?
False
Let j(i) = -i**2 + 13*i - 15. Is j(10) a composite number?
True
Let b be 0/(1 + (-1 - 1)). Suppose 345 = 5*z - b*z. Is z a composite number?
True
Suppose -5*l + 4781 = -3*p, p = -p - 4. Is l composite?
True
Let y = 663 - 356. Is y a prime number?
True
Let z(r) = -7*r**3 + 4*r**2 + 2*r - 1. Is z(-2) a prime number?
True
Let g(s) = 25*s - 6. Let l be g(-5). Let y = 186 + l. Is y a composite number?
True
Let a(i) = -i**3 - 10*i**2 - 9*i + 2. Let r be a(-9). Let o be (r + 1)/(-3) + 91. Let g = -55 + o. Is g a prime number?
False
Let z(d) = -d**3 + 7*d**2 + d - 4. Let v be z(7). Let x(i) = 6*i + 1. Is x(v) a composite number?
False
Let f(t) = -t**3 + 6*t**2 + 4*t - 4. Let u be f(-4). Let b = 17 + u. Is b composite?
False
Let k = -7 + 10. Let a = k - 3. Suppose 0*m - m + 4*r + 53 = 0, -m + r + 38 = a. Is m a prime number?
False
Let g(k) = 148*k - 3. Is g(1) composite?
True
Suppose -m = -0*m + 2*y - 8, 4*m + 4 = y. Is -446*(m + (-2)/4) a composite number?
False
Let u = 4 - 4. Suppose u*h = -5*h + 10. Let f(y) = 9*y**3 + y**2 + y + 1. Is f(h) prime?
True
Let r(d) = -7*d**3 + 2*d**2 - 2*d - 4. Let p(x) = -x**3 - x - 1. Let m(f) = -5*p(f) + r(f). Suppose 5*o + 8 = -2. Is m(o) prime?
True
Let z(h) = 10*h**3 + 1. Let l be z(-1). Let i = 22 + l. Let d = 24 + i. Is d a composite number?
False
Let r(f) = 4*f + 7. Let b(k) = -k + 1. Let i(h) = 3*b(h) + r(h). Let l be i(-5). Suppose -4*z + 257 = 5*w, 4*z = l*w - z - 275. Is w composite?
False
Let j(p) = -p**3 + p**2 + 4*p + 3. Let b = -3 + 6. Suppose b*m + 16 = -m. Is j(m) a composite number?
False
Suppose 2*h - h = -34. Let x = h - -16. Is (52/(-6))/(6/x) prime?
False
Let x(l) = -47*l**3 - 2*l**2 - 2*l + 2. Let r be (-2)/(-11) + (-245)/77. Is x(r) prime?
True
Suppose -s - 5 = 0, 0 = -2*j + j + 5*s + 140. Is j prime?
False
Suppose 13*j - 6*j = 4739. Is j a composite number?
False
Let w be 5/((-3 + 2)/(-4)). Suppose 3*r + w = 8*r. Suppose 4*t - 48 = -0*t + r*x, 2*x = 4*t - 46. Is t composite?
False
Let h(j) = 2*j**3 - 4*j**2 - 2*j + 5. Is h(8) a prime number?
True
Let j(f) = -86*f**3 - 5*f**2 - 5*f - 1. Is j(-2) prime?
True
Let q(l) = -l**3 - 8*l**2 + 5*l - 5. Is q(-12) composite?
True
Suppose 5*c = 4*t + 238, 0*c + 2*t = 3*c - 142. Is c a prime number?
False
Let v be -8 + 11 + 2/(-2). Suppose v*u - 53 = 41. Is u composite?
False
Suppose -7*g + 5*g + 74 = 0. Is g composite?
False
Suppose q - 2*y + 42 = 0, q = -q + 5*y - 85. Let j = q + 273. Is j a composite number?
False
Let g = 43 + -41. Let n = 0 - 2. Is n*37*(-1)/g composite?
False
Is (-3)/(-7) - (-1)/((-49)/(-25312)) a prime number?
False
Let p be (-4 - -1 - 0)*-1. Let v(s) be the second derivative of 5*s**3/6 - s**2 + 2*s. Is v(p) a prime number?
True
Suppose 0 = 6*j - 2*j. Suppose j = 5*t - 907 - 108. Is t a composite number?
True
Let j = 14 + -6. Let v = j - 5. Suppose 2*s = 6, m + v*s = -15 + 63. Is m a prime number?
False
Suppose 0*n + m + 5 = -n, 3*n + 55 = 5*m. Let f(p) = p**3 + 11*p**2 + 7*p + 1. Is f(n) a composite number?
False
Let l(s) = s**2 - 4*s + 3. Let v be l(2). Let j be ((-3)/(-6))/(v/(-8)). Suppose 2*a - 276 = -a + t, 0 = 3*a - j*t - 285. Is a prime?
False
Let g(q) = 17*q + 1. Is g(6) composite?
False
Let g be 2/(-6) - 14/3. Let d(r) = -14*r - 3. Is d(g) a prime number?
True
Let o = -20 - 0. Is o/(-50) + 843/5 a prime number?
False
Suppose -6*b + 3 = -5*b. Let p be (6 - b)*-4 + 1. Let d = p + 44. Is d a composite number?
True
Supp